{"id":282,"date":"2019-07-13T19:38:14","date_gmt":"2019-07-13T22:38:14","guid":{"rendered":"https:\/\/www.turbosol.com.ar\/web\/?post_type=product&#038;p=282"},"modified":"2024-05-12T19:51:42","modified_gmt":"2024-05-12T22:51:42","slug":"t7-evo","status":"publish","type":"product","link":"https:\/\/www.turbosol.com.ar\/web\/product\/t7-evo\/","title":{"rendered":"T7 EVO"},"content":{"rendered":"<p><strong>Bomba de tornillo para la proyecci\u00f3n de revestimientos de acabado<br \/>\n<\/strong><br \/>\nT7 EVO es una bomba de tornillo compacta y liviana. Gracias a su gran versatilidad, se puede equipar con una amplia variedad de accesorios en funci\u00f3n de las distintas aplicaciones que se tienen que realizar.<\/p>\n<p><iframe loading=\"lazy\" title=\"T7 applying waterproofing coating\" width=\"1020\" height=\"574\" src=\"https:\/\/www.youtube.com\/embed\/X1ooik-bvWs?feature=oembed\" frameborder=\"0\" allow=\"accelerometer; autoplay; clipboard-write; encrypted-media; gyroscope; picture-in-picture\" allowfullscreen><\/iframe><\/p>\n<div class=\"media-content\"><strong>Aplicaciones<br \/>\n<\/strong><br \/>\n&#8211; Proyecci\u00f3n de una gran variedad de revestimientos: decoraciones, revoques aislantes e ign\u00edfugos, impermeabilizantes, revoques pl\u00e1stico con cuarzo, marmorino y enfoscados<br \/>\n&#8211; Aplicaci\u00f3n de pegamento para fijar paneles y redes<br \/>\n&#8211; Tratamientos de protecci\u00f3n en canales, tanques y estructuras en hormig\u00f3n<br \/>\n&#8211; Resanar estructuras de cemento-amianto<br \/>\n&#8211; Consolidaci\u00f3n de paredes, estructura en hormig\u00f3n, terrenos<br \/>\n&#8211; Anclaje y sellado<br \/>\n&#8211; Llenado de juntas y ranuras<br \/>\n&#8211; Inyecci\u00f3n de lechadas de cemento<br \/>\n&#8211; Inyecci\u00f3n para elevaci\u00f3n de losa de concreto<strong>Facilidad de uso <\/strong><br \/>\n&#8211; Gracias a sus caracter\u00edsticas de construcci\u00f3n, T7 EVO es la soluci\u00f3n ideal para realizar trabajos de peque\u00f1as y medianas dimensiones en manera r\u00e1pida y con reducidos costos.<br \/>\n&#8211; Si se alimenta con una mezcladora autom\u00e1tica, puede ser c\u00f3modamente manejada por un solo operador que puede regular el flujo del material directamente desde el punto de aplicaci\u00f3n.<br \/>\n&#8211; Gracias a sus reducidas dimenisiones, T7 EVO es muy f\u00e1cil de limpiar y de mantener.<\/div>\n","protected":false},"excerpt":{"rendered":"<p><a href=\"https:\/\/www.turbosol.com.ar\/web\/revoques\/\" target=\"_blank\" rel=\"noopener noreferrer\"><img loading=\"lazy\" decoding=\"async\" class=\"alignnone wp-image-259 size-full\" src=\"https:\/\/www.turbosol.com.ar\/web\/wp-content\/uploads\/2019\/06\/boton-solicitud.png\" alt=\"\" width=\"200\" height=\"50\" \/><\/a><\/p>\n<p><a href=\"http:\/\/turbosol.com\/public\/SPA\/T7%20evo%20-%202016%20Novembre-SPA.pdf\" target=\"_blank\" rel=\"noopener noreferrer\"><strong>VER FOLLETO<\/strong><\/a><\/p>\n","protected":false},"featured_media":284,"comment_status":"open","ping_status":"closed","template":"","meta":[],"product_brand":[],"product_cat":[17,16],"product_tag":[],"class_list":{"0":"post-282","1":"product","2":"type-product","3":"status-publish","4":"has-post-thumbnail","6":"product_cat-revoques-premezclados-y-yeso","7":"product_cat-revoques-tradiciones-y-especiales","9":"first","10":"instock","11":"shipping-taxable","12":"product-type-simple"},"_links":{"self":[{"href":"https:\/\/www.turbosol.com.ar\/web\/wp-json\/wp\/v2\/product\/282","targetHints":{"allow":["GET"]}}],"collection":[{"href":"https:\/\/www.turbosol.com.ar\/web\/wp-json\/wp\/v2\/product"}],"about":[{"href":"https:\/\/www.turbosol.com.ar\/web\/wp-json\/wp\/v2\/types\/product"}],"replies":[{"embeddable":true,"href":"https:\/\/www.turbosol.com.ar\/web\/wp-json\/wp\/v2\/comments?post=282"}],"wp:featuredmedia":[{"embeddable":true,"href":"https:\/\/www.turbosol.com.ar\/web\/wp-json\/wp\/v2\/media\/284"}],"wp:attachment":[{"href":"https:\/\/www.turbosol.com.ar\/web\/wp-json\/wp\/v2\/media?parent=282"}],"wp:term":[{"taxonomy":"product_brand","embeddable":true,"href":"https:\/\/www.turbosol.com.ar\/web\/wp-json\/wp\/v2\/product_brand?post=282"},{"taxonomy":"product_cat","embeddable":true,"href":"https:\/\/www.turbosol.com.ar\/web\/wp-json\/wp\/v2\/product_cat?post=282"},{"taxonomy":"product_tag","embeddable":true,"href":"https:\/\/www.turbosol.com.ar\/web\/wp-json\/wp\/v2\/product_tag?post=282"}],"curies":[{"name":"wp","href":"https:\/\/api.w.org\/{rel}","templated":true}]}}