{"id":266,"date":"2019-07-09T12:18:35","date_gmt":"2019-07-09T15:18:35","guid":{"rendered":"https:\/\/www.turbosol.com.ar\/web\/?post_type=product&#038;p=266"},"modified":"2026-04-07T06:52:59","modified_gmt":"2026-04-07T09:52:59","slug":"mini-avant","status":"publish","type":"product","link":"https:\/\/www.turbosol.com.ar\/web\/product\/mini-avant\/","title":{"rendered":"MINI AVANT"},"content":{"rendered":"<p><strong>Bomba monocil\u00edndrica para la proyecci\u00f3n de morteros comunes y especiales <\/strong><\/p>\n<p>Es la soluci\u00f3n ideal para bombear, transportar, inyectar y aplicar morteros comunes, premezclados y especiales. Gracias a una exclusiva concepci\u00f3n t\u00e9cnica patentada, Mini Avant garantiza una proyecci\u00f3n homog\u00e9nea y continua del material. La innovadora bomba de pist\u00f3n puede bombear inertes hasta una granulometr\u00eda m\u00e1xima de 6 mm, asegurando alto rendimiento, reducidos costos de trabajo y mantenimiento y un bajo consumo de energ\u00eda el\u00e9ctrica.<br \/>\nMini Avant puede bombear hasta 30.000 m2 de material con un s\u00f3lo pist\u00f3n. Se puede utilizar hasta con un m\u00e1ximo de 50 metros de mangueras.<\/p>\n<p><iframe loading=\"lazy\" title=\"MINI AVANT  Cleaning\" width=\"1020\" height=\"765\" src=\"https:\/\/www.youtube.com\/embed\/OfD130fAQuM?start=4&#038;feature=oembed\" frameborder=\"0\" allow=\"accelerometer; autoplay; clipboard-write; encrypted-media; gyroscope; picture-in-picture\" allowfullscreen><\/iframe><\/p>\n<p>&nbsp;<\/p>\n","protected":false},"excerpt":{"rendered":"<p><a href=\"https:\/\/www.turbosol.com.ar\/web\/revoques\/\" target=\"_blank\" rel=\"noopener noreferrer\"><img loading=\"lazy\" decoding=\"async\" class=\"alignnone wp-image-259 size-full\" src=\"https:\/\/www.turbosol.com.ar\/web\/wp-content\/uploads\/2019\/06\/boton-solicitud.png\" alt=\"\" width=\"200\" height=\"50\" \/><\/a><\/p>\n<p><a href=\"http:\/\/turbosol.com\/public\/SPA\/MINI%20AVANT%20SPA-%202016Ottobre.pdf\" target=\"_blank\" rel=\"noopener noreferrer\"><strong>VER FOLLETO<\/strong><\/a><\/p>\n","protected":false},"featured_media":383,"comment_status":"open","ping_status":"closed","template":"","meta":[],"product_brand":[],"product_cat":[18,16],"product_tag":[],"class_list":{"0":"post-266","1":"product","2":"type-product","3":"status-publish","4":"has-post-thumbnail","6":"product_cat-revoques-tradicionales-y-premezclados","7":"product_cat-revoques-tradiciones-y-especiales","9":"first","10":"instock","11":"shipping-taxable","12":"product-type-simple"},"_links":{"self":[{"href":"https:\/\/www.turbosol.com.ar\/web\/wp-json\/wp\/v2\/product\/266","targetHints":{"allow":["GET"]}}],"collection":[{"href":"https:\/\/www.turbosol.com.ar\/web\/wp-json\/wp\/v2\/product"}],"about":[{"href":"https:\/\/www.turbosol.com.ar\/web\/wp-json\/wp\/v2\/types\/product"}],"replies":[{"embeddable":true,"href":"https:\/\/www.turbosol.com.ar\/web\/wp-json\/wp\/v2\/comments?post=266"}],"wp:featuredmedia":[{"embeddable":true,"href":"https:\/\/www.turbosol.com.ar\/web\/wp-json\/wp\/v2\/media\/383"}],"wp:attachment":[{"href":"https:\/\/www.turbosol.com.ar\/web\/wp-json\/wp\/v2\/media?parent=266"}],"wp:term":[{"taxonomy":"product_brand","embeddable":true,"href":"https:\/\/www.turbosol.com.ar\/web\/wp-json\/wp\/v2\/product_brand?post=266"},{"taxonomy":"product_cat","embeddable":true,"href":"https:\/\/www.turbosol.com.ar\/web\/wp-json\/wp\/v2\/product_cat?post=266"},{"taxonomy":"product_tag","embeddable":true,"href":"https:\/\/www.turbosol.com.ar\/web\/wp-json\/wp\/v2\/product_tag?post=266"}],"curies":[{"name":"wp","href":"https:\/\/api.w.org\/{rel}","templated":true}]}}