{"id":263,"date":"2019-07-08T17:16:17","date_gmt":"2019-07-08T20:16:17","guid":{"rendered":"https:\/\/www.turbosol.com.ar\/web\/?post_type=product&#038;p=263"},"modified":"2024-05-12T19:51:42","modified_gmt":"2024-05-12T22:51:42","slug":"rc-800-2-2","status":"publish","type":"product","link":"https:\/\/www.turbosol.com.ar\/web\/product\/rc-800-2-2\/","title":{"rendered":"RC 800"},"content":{"rendered":"<div class=\"mbr-section-text mbr-white pb-3 \">\n<p class=\"mbr-text mbr-fonts-style display-7\"><strong>Equipo para elaborar y bombear hormigones celulares, livianos y\/o con Telgopor.<\/strong><\/p>\n<p>Expresamente proyectada para la elaboraci\u00f3n y bombeo en obra de hormigones livianos hasta 1.250 kg\/m\u00b3, en especial de HORMIG\u00d3N CELULAR.<br \/>\nEquipo compacto, de r\u00e1pida instalaci\u00f3n en obra y que logra una alta producci\u00f3n con pocos operarios.<br \/>\nIdeal para contrapisos livianos, carpetas, rellenos e inyecciones; muros \u00f3 tabiques como tambi\u00e9n la posibilidad de producir bloques, placas, etc.<br \/>\nEn una sola estructura contiene la mezcladora, el generador de espuma, compresor y bombas.<br \/>\nGran capacidad de mezclado de 1 m\u00b3<strong><br \/>\n<\/strong><\/p>\n<\/div>\n","protected":false},"excerpt":{"rendered":"<p><a href=\"https:\/\/www.turbosol.com.ar\/web\/solicitud-de-informacion-personalizada\/\" target=\"_blank\" rel=\"noopener noreferrer\"><img loading=\"lazy\" decoding=\"async\" class=\"alignnone wp-image-259 size-full\" src=\"https:\/\/www.turbosol.com.ar\/web\/wp-content\/uploads\/2019\/06\/boton-solicitud.png\" alt=\"\" width=\"200\" height=\"50\" \/><\/a><\/p>\n","protected":false},"featured_media":264,"comment_status":"open","ping_status":"closed","template":"","meta":[],"product_brand":[],"product_cat":[19,22],"product_tag":[],"class_list":{"0":"post-263","1":"product","2":"type-product","3":"status-publish","4":"has-post-thumbnail","6":"product_cat-contrapisos","7":"product_cat-hormigon-celular-y-livianos","9":"first","10":"instock","11":"shipping-taxable","12":"product-type-simple"},"_links":{"self":[{"href":"https:\/\/www.turbosol.com.ar\/web\/wp-json\/wp\/v2\/product\/263","targetHints":{"allow":["GET"]}}],"collection":[{"href":"https:\/\/www.turbosol.com.ar\/web\/wp-json\/wp\/v2\/product"}],"about":[{"href":"https:\/\/www.turbosol.com.ar\/web\/wp-json\/wp\/v2\/types\/product"}],"replies":[{"embeddable":true,"href":"https:\/\/www.turbosol.com.ar\/web\/wp-json\/wp\/v2\/comments?post=263"}],"wp:featuredmedia":[{"embeddable":true,"href":"https:\/\/www.turbosol.com.ar\/web\/wp-json\/wp\/v2\/media\/264"}],"wp:attachment":[{"href":"https:\/\/www.turbosol.com.ar\/web\/wp-json\/wp\/v2\/media?parent=263"}],"wp:term":[{"taxonomy":"product_brand","embeddable":true,"href":"https:\/\/www.turbosol.com.ar\/web\/wp-json\/wp\/v2\/product_brand?post=263"},{"taxonomy":"product_cat","embeddable":true,"href":"https:\/\/www.turbosol.com.ar\/web\/wp-json\/wp\/v2\/product_cat?post=263"},{"taxonomy":"product_tag","embeddable":true,"href":"https:\/\/www.turbosol.com.ar\/web\/wp-json\/wp\/v2\/product_tag?post=263"}],"curies":[{"name":"wp","href":"https:\/\/api.w.org\/{rel}","templated":true}]}}